at are the prime factors of 22490843?
241, 93323
What are the prime factors of 1213054?
2, 606527
List the prime factors of 1026343.
37, 27739
What are the prime factors of 21943?
21943
List the prime factors of 3923863.
3923863
List the prime factors of 144490.
2, 5, 14449
What are the prime factors of 251202?
2, 3, 7, 5981
List the prime factors of 24526219.
107, 229217
What are the prime factors of 38748690?
2, 3, 5, 41, 10501
List the prime factors of 11555413.
61, 189433
List the prime factors of 5805326.
2, 2902663
List the prime factors of 489939.
3, 197, 829
What are the prime factors of 339864?
2, 3, 7, 17
List the prime factors of 609985.
5, 121997
What are the prime factors of 1613928?
2, 3, 67247
List the prime factors of 568957.
41, 13877
What are the prime factors of 1743837?
3, 23, 127, 199
What are the prime factors of 299737?
37, 8101
What are the prime factors of 4115660?
2, 5, 205783
List the prime factors of 40636358.
2, 7, 17, 170741
List the prime factors of 209005.
5, 41801
List the prime factors of 9277859.
9277859
What are the prime factors of 1388106?
2, 3, 67, 1151
What are the prime factors of 5596811?
11, 19, 61, 439
List the prime factors of 271814.
2, 19, 23, 311
List the prime factors of 201594.
2, 3, 33599
What are the prime factors of 1459564?
2, 364891
What are the prime factors of 5271895?
5, 67, 15737
List the prime factors of 92712.
2, 3, 3863
List the prime factors of 957785.
5, 223, 859
What are the prime factors of 33447577?
3929, 8513
What are the prime factors of 20332983?
3, 11, 19, 32429
List the prime factors of 3336369.
3, 17, 65419
List the prime factors of 2412308.
2, 603077
List the prime factors of 491338.
2, 47, 5227
What are the prime factors of 7668385?
5, 1201, 1277
What are the prime factors of 2818316?
2, 704579
List the prime factors of 9269115.
3, 5, 23, 67, 401
List the prime factors of 3166854.
2, 3, 527809
What are the prime factors of 1901330?
2, 5, 19, 10007
List the prime factors of 140739.
3, 43, 1091
What are the prime factors of 10157082?
2, 3, 13, 107, 1217
List the prime factors of 26138022.
2, 3, 31, 140527
What are the prime factors of 1640878?
2, 19, 29, 1489
What are the prime factors of 1884?
2, 3, 157
What are the prime factors of 20710871?
491, 42181
What are the prime factors of 11204458?
2, 2203, 2543
List the prime factors of 3049748.
2, 13, 223, 263
List the prime factors of 8833197.
3, 29, 101531
List the prime factors of 1374552.
2, 3, 17, 1123
What are the prime factors of 464172?
2, 3, 47, 823
What are the prime factors of 166767?
3, 55589
What are the prime factors of 2980514?
2, 1490257
What are the prime factors of 4515974?
2, 2257987
What are the prime factors of 128349?
3, 13, 1097
List the prime factors of 92956.
2, 17, 1367
List the prime factors of 4252754.
2, 11, 17, 83, 137
List the prime factors of 776524.
2, 7, 27733
What are the prime factors of 863319?
3, 31, 9283
List the prime factors of 10074948.
2, 3, 13, 17, 29, 131
List the prime factors of 6696476.
2, 43, 38933
What are the prime factors of 1039714?
2, 13, 39989
What are the prime factors of 842485?
5, 7, 24071
What are the prime factors of 11331387?
3, 23, 71, 257
List the prime factors of 970050.
2, 3, 5, 29, 223
List the prime factors of 11003376.
2, 3, 229237
What are the prime factors of 97529?
17, 5737
What are the prime factors of 381783?
3, 127261
What are the prime factors of 99223?
99223
List the prime factors of 33703715.
5, 6740743
List the prime factors of 1982543.
31, 2063
List the prime factors of 1965695.
5, 23, 17093
List the prime factors of 620086.
2, 310043
What are the prime factors of 226224?
2, 3, 1571
What are the prime factors of 24017210?
2, 5, 7, 293, 1171
What are the prime factors of 1946653?
17, 43, 2663
List the prime factors of 2216904.
2, 3, 71, 1301
List the prime factors of 1304492.
2, 7, 46589
List the prime factors of 9697984.
2, 151531
List the prime factors of 1168134.
2, 3, 11, 1609
What are the prime factors of 498909?
3, 166303
What are the prime factors of 117987?
3, 67, 587
What are the prime factors of 23478985?
5, 4695797
What are the prime factors of 2144892?
2, 3, 47, 3803
What are the prime factors of 17813726?
2, 7, 1272409
What are the prime factors of 35740890?
2, 3, 5, 37, 10733
List the prime factors of 1096994.
2, 53, 79, 131
List the prime factors of 18440865.
3, 5, 45533
List the prime factors of 240180.
2, 3, 5, 4003
What are the prime factors of 577693?
107, 5399
List the prime factors of 3985640.
2, 5, 37, 2693
What are the prime factors of 5488469?
7, 37, 21191
List the prime factors of 3102709.
37, 83857
What are the prime factors of 879270?
2, 3, 5, 7, 53, 79
What are the prime factors of 3212885?
5, 13, 49429
What are the prime factors of 3102154?
2, 11, 37, 103
What are the prime factors of 701008?
2, 7, 11, 569
What are the prime factors of 469671?
3, 47, 3331
What are the prime factors of 182877?
3, 47, 1297
What are the prime factors of 506531?
506531
What are the prime factors of 63197?
63197
What are the prime factors of 151880?
2, 5, 3797
List the prime factors of 4947595.
5, 17, 58207
What are the prime factors of 311812?
2, 137, 569
List the prime factors of 70984.
2, 19, 467
What are the prime factors of 762472?
2, 191, 499
List the prime factors of 922408.
2, 115301
What are the prime factors of 422061?
3, 269, 523
What are the prime factors of 1647167?
19, 86693
List the prime factors of 4951467.
3, 550163
What are the prime factors of 8563621?
11, 778511
List the prime factors of 2237916.
2, 3, 251, 743
What are the prime factors of 238286?
2, 283, 421
List the prime factors of 4052642.
2, 11, 184211
List the prime factors of 7586205.
3, 5, 11, 23, 1999
What are the prime factors of 691390?
2, 5, 7, 17, 83
List the prime factors of 6177924.
2, 3, 57203
What are the prime factors of 399178?
2, 13, 1181
What are the prime factors of 1557756?
2, 3, 43271
What are the prime factors of 504432?
2, 3, 31, 113
List the prime factors of 5817321.
3, 23, 157, 179
List the prime factors of 298037.
491, 607
What are the prime factors of 191446?
2, 95723
What are the prime factors of 554074?
2, 29, 41, 233
What are the prime factors of 4297200?
2, 3, 5, 3581
What are the prime factors of 349473?
3, 116491
List the prime factors of 11226461.
23, 59, 8273
List the prime factors of 1568440.
2, 5, 113, 347
List the prime factors of 8119594.
2, 7, 29, 2857
What are the prime factors of 217803?
3, 79, 919
What are the prime factors of 519221?
37, 14033
What are the prime factors of 10026606?
2, 3, 1671101
List the prime factors of 25105.
5, 5021
What are the prime factors of 2308352?
2, 71, 127
List the prime factors of 1890350.
2, 5, 7, 11, 491
List the prime factors of 3223833.
3, 883, 1217
List the prime factors of 2720594.
2, 127, 10711
List the prime factors of 824998.
2, 43, 53, 181
List the prime factors of 5797491.
3, 7, 359, 769
What are the prime factors of 156987?
3, 17443
What are the prime factors of 268899?
3, 89633
What are the prime factors of 297486?
2, 3, 7, 787
List the prime factors of 169323.
3, 7, 11, 733
List the prime factors of 232519.
7, 59, 563
List the prime factors of 2529960.
2, 3, 5, 29, 727
What are the prime factors of 277906?
2, 283, 491
List the prime factors of 912990.
2, 3, 5, 13, 2341
List the prime factors of 1189541.
17, 167, 419
What are the prime factors of 1912125?
3, 5, 5099
List the prime factors of 5654732.
2, 883, 1601
List the prime factors of 18692.
2, 4673
List the prime factors of 89066.
2, 44533
List the prime factors of 3048731.
7, 62219
List the prime factors of 5531955.
3, 5, 11, 13, 2579
List the prime factors of 4119536.
2, 73, 3527
List the prime factors of 117119.
117119
List the prime factors of 387600.
2, 3, 5, 17, 19
List the prime factors of 400852.
2, 100213
List the prime factors of 26020427.
26020427
What are the prime factors of 11098793?
19, 29, 20143
What are the prime factors of 7232694?
2, 3, 7, 73, 337
What are the prime factors of 574317?
3, 89, 239
What are the prime factors of 3274632?
2, 3, 45481
List the prime factors of 1564799.
17, 83, 1109
What are the prime factors of 89507?
11, 79, 103
List the prime factors of 1635226.
2, 97, 8429
What are the pri